{"id":63,"date":"2025-09-03T07:21:08","date_gmt":"2025-09-03T07:21:08","guid":{"rendered":"https:\/\/next26700.elev.nextkbh.dk\/?page_id=63"},"modified":"2025-09-03T11:17:24","modified_gmt":"2025-09-03T11:17:24","slug":"folder-til-roskilde-zoo","status":"publish","type":"page","link":"https:\/\/next26700.elev.nextkbh.dk\/?page_id=63","title":{"rendered":"FOLDER TIL ROSKILDE ZOO"},"content":{"rendered":"\n<div style=\"height:66px\" aria-hidden=\"true\" class=\"wp-block-spacer\"><\/div>\n\n\n\n<p>Jeg fik til opgave at udarbejde en folder til Roskilde Zoo. <\/p>\n\n\n\n<div style=\"height:36px\" aria-hidden=\"true\" class=\"wp-block-spacer\"><\/div>\n\n\n\n<h2 class=\"wp-block-heading\"><strong>TRYKSAG<\/strong><\/h2>\n\n\n\n<p><br>Jeg skulle udarbejde en folder til Roskilde Zoo i st\u00f8rrelsen (148&#215;210 mm). <\/p>\n\n\n\n<p class=\"has-small-font-size\">Jeg startede med at s\u00e6tte dokumentet korrekt op i InDesign ud fra de m\u00e5l, margener og baseline grid, der stod i opgavebeskrivelsen. Derefter importerede jeg teksten fra roskildeZooTekst.docx og begyndte at arbejde med typografien. Jeg fulgte de fastlagte krav til skrifttyper og rubrikniveauer, men jeg justerede ops\u00e6tningen, s\u00e5 der blev skabt et tydeligt hierarki mellem rubrikker, mellemrubrikker og br\u00f8dtekst.<\/p>\n\n\n\n<div class=\"wp-block-columns is-layout-flex wp-container-core-columns-is-layout-28f84493 wp-block-columns-is-layout-flex\">\n<div class=\"wp-block-column is-layout-flow wp-block-column-is-layout-flow\" style=\"flex-basis:66.66%\">\n<div style=\"height:63px\" aria-hidden=\"true\" class=\"wp-block-spacer\"><\/div>\n\n\n\n<figure class=\"wp-block-image size-large\"><img loading=\"lazy\" decoding=\"async\" width=\"1024\" height=\"334\" src=\"https:\/\/next26700.elev.nextkbh.dk\/wp-content\/uploads\/2025\/09\/RoskildeZoo-1-1-1024x334.jpg\" alt=\"\" class=\"wp-image-60\" srcset=\"https:\/\/next26700.elev.nextkbh.dk\/wp-content\/uploads\/2025\/09\/RoskildeZoo-1-1-1024x334.jpg 1024w, https:\/\/next26700.elev.nextkbh.dk\/wp-content\/uploads\/2025\/09\/RoskildeZoo-1-1-300x98.jpg 300w, https:\/\/next26700.elev.nextkbh.dk\/wp-content\/uploads\/2025\/09\/RoskildeZoo-1-1-768x251.jpg 768w, https:\/\/next26700.elev.nextkbh.dk\/wp-content\/uploads\/2025\/09\/RoskildeZoo-1-1.jpg 1456w\" sizes=\"auto, (max-width: 1024px) 100vw, 1024px\" \/><\/figure>\n<\/div>\n\n\n\n<div class=\"wp-block-column is-layout-flow wp-block-column-is-layout-flow\"><\/div>\n\n\n\n<div class=\"wp-block-column is-layout-flow wp-block-column-is-layout-flow\" style=\"flex-basis:33.33%\">\n<div style=\"height:100px\" aria-hidden=\"true\" class=\"wp-block-spacer\"><\/div>\n\n\n\n<p class=\"has-small-font-size\">Jeg valgte at bruge farverne gr\u00f8n og orange konsekvent, fordi de b\u00e5de matcher Roskilde Zoos identitet og giver et venligt udtryk, der tiltaler b\u00f8rnefamilier. For at sikre en p\u00e6n spalteops\u00e6tning brugte jeg de angivne hyphenation- og justification-indstillinger, hvilket gjorde teksten let at l\u00e6se og visuelt harmonisk.<\/p>\n<\/div>\n<\/div>\n\n\n\n<div style=\"height:70px\" aria-hidden=\"true\" class=\"wp-block-spacer\"><\/div>\n\n\n\n<figure class=\"wp-block-image size-large\"><img loading=\"lazy\" decoding=\"async\" width=\"1024\" height=\"365\" src=\"https:\/\/next26700.elev.nextkbh.dk\/wp-content\/uploads\/2025\/09\/RoskildeZoo-2-1-1024x365.jpg\" alt=\"\" class=\"wp-image-207\" style=\"aspect-ratio:16\/9;object-fit:contain\" srcset=\"https:\/\/next26700.elev.nextkbh.dk\/wp-content\/uploads\/2025\/09\/RoskildeZoo-2-1-1024x365.jpg 1024w, https:\/\/next26700.elev.nextkbh.dk\/wp-content\/uploads\/2025\/09\/RoskildeZoo-2-1-300x107.jpg 300w, https:\/\/next26700.elev.nextkbh.dk\/wp-content\/uploads\/2025\/09\/RoskildeZoo-2-1-768x274.jpg 768w, https:\/\/next26700.elev.nextkbh.dk\/wp-content\/uploads\/2025\/09\/RoskildeZoo-2-1.jpg 1370w\" sizes=\"auto, (max-width: 1024px) 100vw, 1024px\" \/><\/figure>\n\n\n\n<div style=\"height:71px\" aria-hidden=\"true\" class=\"wp-block-spacer\"><\/div>\n\n\n\n<h2 class=\"wp-block-heading\"><strong>LOGO DESIGN <\/strong><\/h2>\n\n\n\n<p>Jeg skulle rentegne logoet til Roskilde Zoo for at bruge det i min tryksag. <\/p>\n\n\n\n<div style=\"height:0px\" aria-hidden=\"true\" class=\"wp-block-spacer\"><\/div>\n\n\n\n<div class=\"wp-block-columns is-layout-flex wp-container-core-columns-is-layout-28f84493 wp-block-columns-is-layout-flex\">\n<div class=\"wp-block-column is-layout-flow wp-block-column-is-layout-flow\">\n<div style=\"height:110px\" aria-hidden=\"true\" class=\"wp-block-spacer\"><\/div>\n\n\n\n<figure class=\"wp-block-image size-full\"><img loading=\"lazy\" decoding=\"async\" width=\"314\" height=\"361\" src=\"https:\/\/next26700.elev.nextkbh.dk\/wp-content\/uploads\/2025\/09\/logo-zoo.png\" alt=\"\" class=\"wp-image-113\" style=\"aspect-ratio:3\/4;object-fit:contain\" srcset=\"https:\/\/next26700.elev.nextkbh.dk\/wp-content\/uploads\/2025\/09\/logo-zoo.png 314w, https:\/\/next26700.elev.nextkbh.dk\/wp-content\/uploads\/2025\/09\/logo-zoo-261x300.png 261w\" sizes=\"auto, (max-width: 314px) 100vw, 314px\" \/><\/figure>\n<\/div>\n\n\n\n<div class=\"wp-block-column is-layout-flow wp-block-column-is-layout-flow\">\n<div style=\"height:36px\" aria-hidden=\"true\" class=\"wp-block-spacer\"><\/div>\n\n\n\n<p class=\"has-small-font-size\"><br>I Illustrator rentegnede jeg logoet ud fra den udleverede AI-fil. Jeg brugte Merriweather som skrifttype og s\u00f8rgede for, at alle elementer blev pr\u00e6cist genskabt, s\u00e5 logoet kan bruges i b\u00e5de tryk og digitalt uden at miste kvalitet.<\/p>\n\n\n\n<p class=\"has-small-font-size\"><br>Jeg eksperimenterede med forskellige farvekombinationer og besluttede at bruge gr\u00f8n og orange, s\u00e5 logoet kom til at h\u00e6nge sammen med folderens visuelle stil. Mit fokus var at skabe et im\u00f8dekommende og genkendeligt udtryk, der passede til b\u00f8rnefamilier som m\u00e5lgruppe.<\/p>\n<\/div>\n<\/div>\n\n\n\n<div style=\"height:53px\" aria-hidden=\"true\" class=\"wp-block-spacer\"><\/div>\n\n\n\n<h2 class=\"wp-block-heading has-large-font-size\"><strong>BILLEDBEHANDLING<\/strong><\/h2>\n\n\n\n<p>Jeg arbejdede med to billeder i photoshop til folderen. <\/p>\n\n\n\n<div class=\"wp-block-columns is-layout-flex wp-container-core-columns-is-layout-e73b3213 wp-block-columns-is-layout-flex\" style=\"border-style:none;border-width:0px;margin-top:0;margin-bottom:0;padding-top:var(--wp--preset--spacing--40);padding-right:var(--wp--preset--spacing--30);padding-bottom:var(--wp--preset--spacing--40);padding-left:var(--wp--preset--spacing--30)\">\n<div class=\"wp-block-column is-layout-flow wp-block-column-is-layout-flow\">\n<div style=\"height:245px\" aria-hidden=\"true\" class=\"wp-block-spacer\"><\/div>\n\n\n\n<p class=\"has-text-align-center has-medium-font-size\"><strong>Fr\u00f8en p\u00e5 forsiden<\/strong><\/p>\n\n\n\n<p class=\"has-small-font-size\">Jeg gjorde hele billedet sort\/hvid, men lod fr\u00f8ens \u00f8je forblive i farve. Derefter justerede jeg \u00f8jets r\u00f8dlige tone og fremh\u00e6vede detaljerne, s\u00e5 det fik en tydelig kontrast og blev blikfang p\u00e5 forsiden.<\/p>\n\n\n\n<div style=\"height:24px\" aria-hidden=\"true\" class=\"wp-block-spacer\"><\/div>\n<\/div>\n\n\n\n<div class=\"wp-block-column is-layout-flow wp-block-column-is-layout-flow\">\n<div style=\"height:100px\" aria-hidden=\"true\" class=\"wp-block-spacer\"><\/div>\n\n\n\n<figure class=\"wp-block-image size-full\" style=\"margin-top:0;margin-bottom:0\"><img loading=\"lazy\" decoding=\"async\" width=\"2560\" height=\"1696\" src=\"https:\/\/next26700.elev.nextkbh.dk\/wp-content\/uploads\/2025\/09\/froe_forside-scaled.png\" alt=\"\" class=\"wp-image-124\" style=\"aspect-ratio:1;object-fit:cover\" srcset=\"https:\/\/next26700.elev.nextkbh.dk\/wp-content\/uploads\/2025\/09\/froe_forside-scaled.png 2560w, https:\/\/next26700.elev.nextkbh.dk\/wp-content\/uploads\/2025\/09\/froe_forside-300x199.png 300w, https:\/\/next26700.elev.nextkbh.dk\/wp-content\/uploads\/2025\/09\/froe_forside-1024x678.png 1024w, https:\/\/next26700.elev.nextkbh.dk\/wp-content\/uploads\/2025\/09\/froe_forside-768x509.png 768w, https:\/\/next26700.elev.nextkbh.dk\/wp-content\/uploads\/2025\/09\/froe_forside-1536x1017.png 1536w, https:\/\/next26700.elev.nextkbh.dk\/wp-content\/uploads\/2025\/09\/froe_forside-2048x1356.png 2048w\" sizes=\"auto, (max-width: 2560px) 100vw, 2560px\" \/><\/figure>\n\n\n\n<div style=\"height:100px\" aria-hidden=\"true\" class=\"wp-block-spacer\"><\/div>\n<\/div>\n<\/div>\n\n\n\n<div class=\"wp-block-columns is-layout-flex wp-container-core-columns-is-layout-e73b3213 wp-block-columns-is-layout-flex\" style=\"border-style:none;border-width:0px;margin-top:0;margin-bottom:0;padding-top:var(--wp--preset--spacing--40);padding-right:var(--wp--preset--spacing--30);padding-bottom:var(--wp--preset--spacing--40);padding-left:var(--wp--preset--spacing--30)\">\n<div class=\"wp-block-column is-layout-flow wp-block-column-is-layout-flow\">\n<div style=\"height:0px\" aria-hidden=\"true\" class=\"wp-block-spacer\"><\/div>\n\n\n\n<figure class=\"wp-block-image size-full has-custom-border\"><img loading=\"lazy\" decoding=\"async\" width=\"2560\" height=\"1696\" src=\"https:\/\/next26700.elev.nextkbh.dk\/wp-content\/uploads\/2025\/09\/slangehoved-copy-scaled.png\" alt=\"\" class=\"has-border-color has-secondary-border-color wp-image-128\" style=\"border-width:1px;aspect-ratio:1;object-fit:contain\" srcset=\"https:\/\/next26700.elev.nextkbh.dk\/wp-content\/uploads\/2025\/09\/slangehoved-copy-scaled.png 2560w, https:\/\/next26700.elev.nextkbh.dk\/wp-content\/uploads\/2025\/09\/slangehoved-copy-300x199.png 300w, https:\/\/next26700.elev.nextkbh.dk\/wp-content\/uploads\/2025\/09\/slangehoved-copy-1024x678.png 1024w, https:\/\/next26700.elev.nextkbh.dk\/wp-content\/uploads\/2025\/09\/slangehoved-copy-768x509.png 768w, https:\/\/next26700.elev.nextkbh.dk\/wp-content\/uploads\/2025\/09\/slangehoved-copy-1536x1017.png 1536w, https:\/\/next26700.elev.nextkbh.dk\/wp-content\/uploads\/2025\/09\/slangehoved-copy-2048x1356.png 2048w\" sizes=\"auto, (max-width: 2560px) 100vw, 2560px\" \/><\/figure>\n\n\n\n<div style=\"height:58px\" aria-hidden=\"true\" class=\"wp-block-spacer\"><\/div>\n<\/div>\n\n\n\n<div class=\"wp-block-column is-layout-flow wp-block-column-is-layout-flow\">\n<div style=\"height:111px\" aria-hidden=\"true\" class=\"wp-block-spacer\"><\/div>\n\n\n\n<p class=\"has-text-align-center has-medium-font-size\"><br><strong>Slangehovedet<\/strong><\/p>\n\n\n\n<p class=\"has-small-font-size\">Jeg frilagde slangen ved hj\u00e6lp af markeringsv\u00e6rkt\u00f8jer og lagmasker. <br>For at f\u00e5 et rent og professionelt resultat udj\u00e6vnede jeg kanterne og tilpassede billedet, s\u00e5 det passede ind i layoutet.<\/p>\n<\/div>\n<\/div>\n\n\n\n<p class=\"has-medium-font-size\"><br>Til sidst gemte jeg begge billeder i CMYK og i den rette opl\u00f8sning, s\u00e5 de var klar til tryk.<\/p>\n\n\n\n<figure class=\"wp-block-gallery has-nested-images columns-default is-cropped wp-block-gallery-1 is-layout-flex wp-block-gallery-is-layout-flex\">\n<figure class=\"wp-block-image size-large\"><img loading=\"lazy\" decoding=\"async\" width=\"1024\" height=\"334\" data-id=\"64\" src=\"https:\/\/next26700.elev.nextkbh.dk\/wp-content\/uploads\/2025\/09\/RoskildeZoo-1-2-1024x334.jpg\" alt=\"\" class=\"wp-image-64\" srcset=\"https:\/\/next26700.elev.nextkbh.dk\/wp-content\/uploads\/2025\/09\/RoskildeZoo-1-2-1024x334.jpg 1024w, https:\/\/next26700.elev.nextkbh.dk\/wp-content\/uploads\/2025\/09\/RoskildeZoo-1-2-300x98.jpg 300w, https:\/\/next26700.elev.nextkbh.dk\/wp-content\/uploads\/2025\/09\/RoskildeZoo-1-2-768x251.jpg 768w, https:\/\/next26700.elev.nextkbh.dk\/wp-content\/uploads\/2025\/09\/RoskildeZoo-1-2.jpg 1456w\" sizes=\"auto, (max-width: 1024px) 100vw, 1024px\" \/><\/figure>\n\n\n\n<figure class=\"wp-block-image size-large\"><img loading=\"lazy\" decoding=\"async\" width=\"1024\" height=\"365\" data-id=\"65\" src=\"https:\/\/next26700.elev.nextkbh.dk\/wp-content\/uploads\/2025\/09\/RoskildeZoo-2-1024x365.jpg\" alt=\"\" class=\"wp-image-65\"\/><\/figure>\n<\/figure>\n\n\n\n<div style=\"height:100px\" aria-hidden=\"true\" class=\"wp-block-spacer\"><\/div>\n\n\n\n<p class=\"has-text-align-left has-medium-font-size\"><strong>Refleksion<\/strong><br>Jeg synes, opgaven gav mig en god mulighed for at kombinere flere forskellige grafiske discipliner: ops\u00e6tning i InDesign, billedbehandling i Photoshop og rentegning i Illustrator. Jeg fik tr\u00e6net b\u00e5de min tekniske pr\u00e6cision og min evne til at tr\u00e6ffe designvalg, der underst\u00f8tter en visuel identitet.<\/p>\n\n\n\n<p class=\"has-small-font-size\"><\/p>\n","protected":false},"excerpt":{"rendered":"<p>Jeg fik til opgave at udarbejde en folder til Roskilde Zoo. TRYKSAG Jeg skulle udarbejde en folder til Roskilde Zoo i st\u00f8rrelsen (148&#215;210 mm). Jeg startede med at s\u00e6tte dokumentet korrekt op i InDesign ud fra de m\u00e5l, margener og baseline grid, der stod i opgavebeskrivelsen. Derefter importerede jeg teksten fra roskildeZooTekst.docx og begyndte at [&hellip;]<\/p>\n","protected":false},"author":1,"featured_media":0,"parent":58,"menu_order":0,"comment_status":"closed","ping_status":"closed","template":"","meta":{"footnotes":""},"class_list":["post-63","page","type-page","status-publish","hentry"],"_links":{"self":[{"href":"https:\/\/next26700.elev.nextkbh.dk\/index.php?rest_route=\/wp\/v2\/pages\/63","targetHints":{"allow":["GET"]}}],"collection":[{"href":"https:\/\/next26700.elev.nextkbh.dk\/index.php?rest_route=\/wp\/v2\/pages"}],"about":[{"href":"https:\/\/next26700.elev.nextkbh.dk\/index.php?rest_route=\/wp\/v2\/types\/page"}],"author":[{"embeddable":true,"href":"https:\/\/next26700.elev.nextkbh.dk\/index.php?rest_route=\/wp\/v2\/users\/1"}],"replies":[{"embeddable":true,"href":"https:\/\/next26700.elev.nextkbh.dk\/index.php?rest_route=%2Fwp%2Fv2%2Fcomments&post=63"}],"version-history":[{"count":43,"href":"https:\/\/next26700.elev.nextkbh.dk\/index.php?rest_route=\/wp\/v2\/pages\/63\/revisions"}],"predecessor-version":[{"id":210,"href":"https:\/\/next26700.elev.nextkbh.dk\/index.php?rest_route=\/wp\/v2\/pages\/63\/revisions\/210"}],"up":[{"embeddable":true,"href":"https:\/\/next26700.elev.nextkbh.dk\/index.php?rest_route=\/wp\/v2\/pages\/58"}],"wp:attachment":[{"href":"https:\/\/next26700.elev.nextkbh.dk\/index.php?rest_route=%2Fwp%2Fv2%2Fmedia&parent=63"}],"curies":[{"name":"wp","href":"https:\/\/api.w.org\/{rel}","templated":true}]}}